 Let v be n(6). Let q(a) = v*a + 6*a**2 + 2*a - 5*a**2 + 3. Give q(k).
-1
Let j(a) = 0 - 1 - 16*a + 15*a. Suppose 3*b + 5*n - 43 = 0, b + 2 - 3 = n. What is j(b)?
-7
Let q = -7 - 9. Let m(w) = -w - 10. Let h be m(q). Let c(b) = -b**3 + 6*b**2 + b - 7. Determine c(h).
-1
Let k(u) = -27*u - 5. Let q(v) = 14*v + 3. Let z(w) = -w**2 - w - 2. Let r be z(0). Let f be (-2*1)/(r/(-4)). Let l(p) = f*k(p) - 7*q(p). Calculate l(1).
9
Let z be 6/4 + (-8)/((-64)/12). Let k(n) = -n**3 + 4*n**2 - 4*n - 1. Calculate k(z).
-4
Let q(l) = -l**3 + l**2 - l + 1. Suppose 66 = 5*z - 2*z. Let t = z + -22. Determine q(t).
1
Let r(o) = 5*o - 1. Let n(w) = -w + 2. Let c(d) = -d + 1. Let t(m) = -2*c(m) + n(m). Let z(u) = -2*r(u) + 9*t(u). Determine z(4).
-2
Let b(t) = 2 + 1 + 0*t**2 - t**2. What is b(0)?
3
Let p(r) be the third derivative of -r**4/6 - r**3/6 - 23*r**2. Give p(-2).
7
Let j(d) = -d**2 - 4*d + 1. Let o(c) = -6*c. Let s be o(-1). Suppose z + w + 7 = 0, -s*w + 3*w - 6 = 0. Determine j(z).
-4
Let d be (3/(-9))/((-3)/18). Suppose 13 - 3 = -d*y. Let f(v) = -v**3 - 5*v**2 + v + 4. Determine f(y).
-1
Suppose -3*u + 4 = 25. Let f(q) = -q**3 - 7*q**2 - 4*q - 8. Let y be f(u). Suppose -y = 6*z - 11*z. Let l(c) = -c**3 + 5*c**2 - 4*c - 4. Determine l(z).
-4
Suppose -2*o + 19 = -3. Suppose -6 = -y - 2*y. Suppose 4*n - 2*i - 1 = o, -5*n = y*i - 15. Let q(h) = -h**3 + 4*h**2 - 3*h + 1. What is q(n)?
1
Let h(j) = 5*j - 1. Let t be h(1). Let b(k) = -5*k**2 - 2*k + 7. Let m(r) = 11*r**2 + 4*r - 15. Let a(y) = 13*b(y) + 6*m(y). Give a(t).
9
Let q(m) be the second derivative of m**4/12 - 5*m**3/3 + 7*m**2/2 + 28*m. What is q(10)?
7
Let f(m) = m + m + 0*m. Let b(w) = -3*w. Let p(q) = 3*b(q) + 4*f(q). What is p(-3)?
3
Let u(d) = -3*d**3 - 3*d**2 - 3*d - 1. Let w be u(-2). Let v = w + -4. Let x = 8 - v. Let p(s) = s**3 + 4*s**2 - 5*s - 6. Determine p(x).
-6
Let d(a) = 2*a**2 - 2. Suppose -4 = -v - 5. Let r be 1*(0/v)/(-1). Suppose r = -2*z - 0 - 4. Give d(z).
6
Let h = 21 - 24. Let b(t) = 5*t + 4. Determine b(h).
-11
Let r(q) = -15*q**2 - 3*q + 8. Let s(c) = c**2 + 4*c + 6. Let d be s(-5). Let t(g) = -5*g**2 - g + 3. Let m(y) = d*t(y) - 4*r(y). What is m(-1)?
5
Suppose 3*f = 3*u + 30, -6*f + 35 = -2*u - f. Let y(t) = t**3 + 5*t**2 - t - 2. Give y(u).
3
Let c = -7 - -5. Let m(z) = -4*z - 1. Calculate m(c).
7
Suppose 0 = -3*h - 5*c, 2*c - 2 = 4. Let v(a) = 2 + 0 - 5*a - a**2 + 2. What is v(h)?
4
Let j(d) = -7*d**3 + 5*d**2 + 3*d + 21. Let m(c) = 10*c**3 - 7*c**2 - 4*c - 31. Let v(r) = 7*j(r) + 5*m(r). Determine v(0).
-8
Let g be (-4)/(-18) + (-38)/9. Let j = -2 - g. Let z(d) = 4*d - 2 - j*d - 3*d. Calculate z(-4).
2
Suppose 15 = -6*s + 9*s. Let n(p) = 2*p**2 + s*p - p**2 - 2 - 2*p. What is n(-3)?
-2
Let d(z) = -1 - 8*z**2 + z - 1 + 3. Let x be (2/6)/(3/9). Let a be ((-3)/6 + x)*-2. Determine d(a).
-8
Let i(k) = k**2 - 10*k + 6. Let n be (-6)/9 + 29/3. Let t be i(n). Let j(h) = h**2 + 2*h - 1. Determine j(t).
2
Suppose 0 = -5*l + 1 - 6. Let z = 12 - 9. Let s(n) = 5 - z - 6*n**3 - 1 + 2*n**2 + 2*n. What is s(l)?
7
Let g(m) = 4*m**2 - 3*m - 3*m**2 + m**2. Suppose c + f - 5 = -6, f - 3 = -3*c. What is g(c)?
2
Let u(m) = 3*m + 1. Let r(t) = t**3 + t**2 - t. Let x be r(1). Let n be (-3)/(-3)*4/x. Suppose 0 = -4*c + 16, 5*o - n*c + 8*c - 11 = 0. Determine u(o).
-2
Let h(c) = -6*c - 1 + 3*c - 6*c. Suppose 2*l - 4 - 2 = 0, 3*z + 2*l - 27 = 0. Let b = z - 6. Determine h(b).
-10
Let r(i) be the first derivative of i**2/2 + 4*i - 1. Give r(-4).
0
Let c be ((-1)/(-2))/((-1)/(-4)). Let r(f) = -f + 4 + 0*f**c - 10 + f**2. Let m be (-1 + (-2)/(-2))/2. What is r(m)?
-6
Let u(i) = 4*i**3 - i**2 + i. Let w = 5 + -4. What is u(w)?
4
Let a(g) = -1 + 5*g**3 + 2*g - 9*g**3 + g**3 + 9*g**3. Determine a(1).
7
Let z(k) = -5 - 1 + 4*k**2 + k**3 + 9 + 2*k. Give z(-4).
-5
Suppose 3*x + 21 = -0*x. Let l(w) = w**3 + 6*w**2 - 6*w + 3. What is l(x)?
-4
Let t(m) = m - 4. Let r(b) = -2*b + 11. Let f be r(9). Determine t(f).
-11
Let m(d) = d**3 + 6*d**2 - 8*d + 7. Suppose -32 = 3*h - 11. What is m(h)?
14
Let j(d) = 16*d + 16. Let s(o) = -3*o - 3. Let p(f) = -2*j(f) - 11*s(f). Calculate p(-2).
-1
Let r be (-150)/(-130) - (-2)/(-13). Let v(q) = 6*q**2 + 2*q**2 - 2 + 1. Give v(r).
7
Let u(h) = -167*h**2 + 156*h**2 + h**3 + 4 + 9*h + 5. What is u(10)?
-1
Suppose -3*k + 2*y + y = -27, 4*y = -4*k + 4. Suppose -6 - 4 = -k*p. Let r(z) = z**3 - 4*z**2 + 2*z + 2. Determine r(p).
-2
Let c be (6 - 0 - 8) + 12. Let a(i) = i**3 - 11*i**2 + 11*i - 14. Give a(c).
-4
Let l be 1/((2 - 2) + 1). Suppose -3*p + 0*p = -9. Let f(j) = p*j - 2*j + 3*j + 1. Calculate f(l).
5
Suppose 2*q = -2, -6*s + 5*s + 1 = -q. Let r = 7 - 5. Let f(d) = -d - 11 - 1 + r. Determine f(s).
-10
Let y(d) = -d**2 + 4*d + 5. Suppose 3*k - 23 = -a, 0 = 4*a - 6 - 14. Let o(g) = g**2 - 5*g. Let b be o(k). Give y(b).
-7
Suppose -3*u + 6*k + 44 = k, 86 = 5*u - 2*k. Let x = u + -13. Let d(p) = -p + 4. Determine d(x).
-1
Let p(f) = -f**3 + 6*f**2 + f - 6. Let o be p(6). Let s be 3 + (2 - 0) + o. Let k(b) = -b**3 + 6*b + 3*b**2 + 1 - s*b + 4*b. Give k(4).
5
Let o(i) = -i**2 - 6*i + 2. Suppose -11*f = -7*f + 28. Give o(f).
-5
Suppose -3 = o - 26. Suppose 5*c + 3*l - 24 = o, 3*l + 13 = c. Suppose -5*k + 40 = c. Let p(w) = w**3 - 7*w**2 + 4*w + 4. Determine p(k).
-8
Suppose -3*h + 20 = -7*h. Let i = 1 + -1. Let k(l) = i*l**2 + 5 - l**2 + 6*l + 2*l**2. What is k(h)?
0
Suppose -3*r + 3*w + 12 = 0, 4*r - 3*w - 14 = -r. Let f(o) = -7*o**3 - 2*o**2 + 2*o - 1. Calculate f(r).
-8
Let s = 9 + -7. Let i(y) = 3*y - 2*y - 2 + y**3 + 4 - 3*y**2. Calculate i(s).
0
Let k = 42 - 46. Let d(a) = 2*a - 1. Give d(k).
-9
Let m(g) = 1. Let q(z) = 1. Let b(y) = 2*m(y) - q(y). Let a(o) be the first derivative of o**2/2 - 8*o + 1. Let i(c) = -a(c) - 6*b(c). What is i(2)?
0
Let l(w) = 3*w. Let u be (-2 + 7)*6/(-15). Let r be l(u). Let f be r/(-3) - 1*3. Let k(d) = 5*d**2 - 2*d - 1. Calculate k(f).
6
Suppose 0 = 4*c - 32 + 12. Suppose 0 = 2*h + 1 + c. Let l(v) = -v**3 - 3*v**2 + 3*v + 3. Give l(h).
-6
Suppose -5*z - 3*a = -1, -5*z + 4*a + 12 + 10 = 0. Let y(x) = -1 + 34*x**2 - z*x**3 - 5*x**3 - 2*x - 36*x**2. Give y(-1).
6
Let m(t) = -t**3 + 3*t**2 - 4. Let w(u) = -u**3 + 9*u**2 + 11*u - 7. Let g be w(10). Determine m(g).
-4
Let l(n) = 6*n**3 + 11*n**2 - 3*n + 5. Let y(q) = -5*q**3 - 10*q**2 + 2*q - 5. Let m(k) = -6*l(k) - 7*y(k). What is m(5)?
0
Let l(z) = -z**3 + 3*z**2 + 3*z + 5. Let r be 20*((-1)/(-4) + -1). Let y be (-72)/r - (-4)/(-5). Calculate l(y).
1
Let u(i) = i**3 + 4*i**2 + 2*i. Suppose -h = -g + 5*g - 41, g - h - 9 = 0. Suppose -s - s = g. Let l be s - (-2 - (-1 - -1)). Calculate u(l).
3
Let u(s) = -s**3 + 3*s**2 - s - 4. Let l be u(3). Let f(m) = -2*m - 3. Give f(l).
11
Let b(n) be the second derivative of 2*n + 7/2*n**2 + 0 + 1/6*n**3. Calculate b(-5).
2
Let t(l) = l**3 + 4*l**2 + 7*l + 6. Suppose 7*g - o - 10 = 10*g, -3*o - 6 = 3*g. What is t(g)?
-22
Let j = 14 + -4. Suppose -3*d + j = 28. Let k(i) = i + 7. Give k(d).
1
Let i be 2/3 + (-20)/(-6). Let f(n) = 4*n**2 - n + i*n + n**3 + 5 - n. Let h(j) = -j**3 + 4*j**2 - 2*j + 4. Let s be h(4). Give f(s).
-3
Let u(y) be the third derivative of y**5/60 + 5*y**4/24 + 2*y**3/3 - 2*y**2. Calculate u(-5).
4
Let m(b) = 3*b - 1. Suppose -3*q + q = 2. Give m(q).
-4
Let x(j) = j**2 + 2*j - 5. Let r be x(-3). Let l(d) = -d - 2. Give l(r).
0
Let b(g) = g**3 + 4*g**2 + 2*g + 1. Suppose -z - 9 = 2*u, 2*z = -3*u - 12 - 3. Let j = z - -3. Let l = j - 3. Give b(l).
4
Let s(t) = -4*t + 7. Let b be s(2). Let z(i) = -2*i**2 - i - 1. Calculate z(b).
-2
Let v(x) = -8*x**3 - x**2 + 10*x - 3. Let m(z) = -z**3 + z - 1. Let u(j) = -6*m(j) + v(j). Let l be (3/2)/((-1)/2). Let p be 40/(-24) - (-1)/l. What is u(p)?
7
Let s(n) be the first derivative of -n**3/3 + 2. Let r(g) = -g**2 - g. Let l(v) = 4*r(v) - 6*s(v). Suppose 0 = -5*z + 15 - 0. Give l(z).
6
Let h(m) = -4 - 10*m - 19*m**2 + 20*m**2 + 6*m. Let c(j) = j**3 - 5*j**2 + 6*j - 5. Let l be c(4). Determine h(l).
-7
Let v(o) = -2*o + 9*o + 6 + 3*o**2 - 5*o**2. Let x(r) = -3*r**2 + 13*r + 11. Let j(y) = -11*v(y) + 6*x(y). Let q = 4 + -3. Give j(q).
5
Let z be 30/4*8/(-10). Let s(v) = -v + 5 - 2 + 3*v + 1. Calculate s(z).
-8
Let c(n) be the first derivative of -n**5/60 - n**4/4 + 5*n**2/2 + 1. Let m(z) be the 